{"id":482,"date":"2018-02-12T20:37:43","date_gmt":"2018-02-12T20:37:43","guid":{"rendered":"http:\/\/www.thehollyfest.org\/?page_id=482"},"modified":"2018-02-12T22:25:21","modified_gmt":"2018-02-12T22:25:21","slug":"482-2","status":"publish","type":"page","link":"http:\/\/www.thehollyfest.org\/index.php\/482-2\/","title":{"rendered":"Marianna Shreve Simpson"},"content":{"rendered":"<h1>A Covert Creature in Princeton&#8217;s &#8220;Great Persian Book of Kings&#8221;<\/h1>\n<p>The compositions in sixteenth-century Persian manuscripts are often so varied and complex that it is easy to miss, misread or misunderstand specific details. Such is the case with the so-called Peck <em>Sh\u0101hn\u0101ma, <\/em>an illustrated volume of Firdausi\u2019s Book of Kings from Shiraz dated 998\/1589-90 belonging to the Princeton University Library (Princeton Islamic Manuscripts, Third series, no. 310). This very modest essay in honor of Holly Davidson, whose important work on the <em>Sh\u0101hn\u0101ma<\/em> have contributed so much to the study of Persian literature and culture, attempts to make up for oversights in a previous discussion of the Princeton volume, and to draw attention to one particular and somewhat mysterious feature.<a href=\"#_ftn1\" name=\"_ftnref1\">[1]<\/a><\/p>\n<p>The Peck <em>Sh\u0101hn\u0101ma<\/em> opens with a double-page painting depicting King Solomon and his consort Bilqis enthroned in an expansive landscape (folios 1b-2a).<a href=\"#_ftn2\" name=\"_ftnref2\">[2]<\/a> As in similar frontispiece compositions dating from the fifteenth and sixteenth centuries, the wise and prophetic ruler is surrounded by a diverse retinue of human attendants, mammals, reptiles and birds, plus mythical and legendary creatures, all representative of his authority over natural and supernatural kingdoms. Some members of this <em>d\u012bv\u0101n <\/em> are recognizable by their traditional role in Solomonic imagery, such as the elderly vizier Asaf ibn Barkhiya to whom the king turns as if in conversation. Others are more fanciful, including the polychrome divs lined up on the composition\u2019s right side, while the animals and birds belong to wide range of familiar and distinguishable species, from majestic elephants and camels to flying cranes and slithering snakes.<\/p>\n<p>The frontispiece menagerie also includes a dark-gray animal with faint white and black stripes tucked between the front legs of Solomon\u2019s throne. What is this hidden creature and what is it doing in this particular and basically covert, or at least easily-overlooked, spot? The overall body size and form, including round head (now partly abraded), legs, paws and tail, point to a feline, and more specifically to a cat.<a href=\"#_ftn3\" name=\"_ftnref3\">[3]<\/a> A similar mammal, albeit somewhat larger in size and with a purely black coat, appears held tightly in the arms of a div seated to the right of the throne in various late-fifteenth to early-sixteenth century Solomon images.<a href=\"#_ftn4\" name=\"_ftnref4\">[4]<\/a> Interestingly, these same paintings also depict a very large cat with striped or spotted markings, and thus probably identifiable as a tiger or cheetah, stretched out immediately before Solomon.<a href=\"#_ftn5\" name=\"_ftnref5\">[5]<\/a> By the later sixteenth century, circa 1570-85, the larger cat has moved further away from the throne, often to the lower part of the composition, and sometimes as part of a pair.<a href=\"#_ftn6\" name=\"_ftnref6\">[6]<\/a> Meanwhile, the feline clutched by the div also has undergone certain changes, including a reduction in dimensions and considerable variation in its fur \u2013 sometimes black, sometimes black and white, sometimes tawny and sometimes striped. Whatever its coloration, the animal typically sits upright on its haunches, occasionally in front of the throne at right and occasionally in front of Asaf on the other side.<a href=\"#_ftn7\" name=\"_ftnref7\">[7]<\/a> In two examples of circa 1590, however, the creature, crouches on all fours beneath Asaf\u2019s seat and faces the left side of the painting, that is, with its back to the rest of the <em>d\u012bv\u0101n<\/em>.<a href=\"#_ftn8\" name=\"_ftnref8\">[8]<\/a><\/p>\n<p>Thus the mysterious cat in the Peck <em>Sh\u0101hn\u0101ma <\/em>evolved from looking like a \u201cpet\u201d clutched by a div, to a stand-alone and clearly-visible \u201cintimate\u201d stationed very near Solomon\u2019s throne and apparently taking the place of the large tiger or cheetah, and then to a more discrete yet still noticeable presence in front of or underneath Asaf. In all these examples the cat appears quite benign. The Peck <em>Sh\u0101hn\u0101ma <\/em>frontispiece seems to represent another, and possibly more ominous, stage in this progression, one that parallels a distinct modification in the architecture of Solomon\u2019s throne. In illustrations dating from the late fifteenth century through the third quarter of the sixteenth century, the throne typically is furnished with several central steps descending to the ground and with a set of cloth panels to the side. By contrast, in examples from the last decade of the sixteenth century, the staircase has disappeared, although the textile skirting generally remains. In the case of the Peck <em>Sh\u0101hn\u0101ma <\/em>the removal of the steps from Solomon\u2019s throne has left a space or gap between the throne\u2019s front legs \u2013 the perfect place in which to insert a small animal.<\/p>\n<p>So, at the simplest, compositional level, the dark feline could have resulted from the frontispiece painter taking advantage of space available for a creature already present in the iconography of Solomon\u2019s <em>d\u012bv\u0101n<\/em>. Alternatively, the animal\u2019s \u201cbody language\u201d \u2013 seemingly curled up like a cat sleeping on a lap and here immediately beneath the prophet\u2019s seat \u2013 could be a conscious marker of domesticity in contrast to the \u201cwilderness\u201d represented by the tigers, bears, foxes and other wild beasts who fill the scene. A closer look, however, suggests that the cat is not at rest, but tensely coiled or hunched, with pricked ears and an intense, even fierce, outward stare. Indeed, it appears poised to spring out and pounce, perhaps at the rooster on the edge of the pool that looks up in something like alarm as if sensing danger. Cats are, of course, born hunters. The lurking specimen in the Peck <em>Sh\u0101hn\u0101ma <\/em>may represent a menacing or threatening, albeit natural, predator, about to disrupt Solomon\u2019s otherwise peaceful and harmonious kingdom. At the same time, this secret cat serves as a reminder that the iconographic tradition of King Solomon enthroned\u2013where divs exist with humans and lions lie down with deer\u2013constitutes a special, even wondrous, realm that encourages artistic imagination to flourish.<\/p>\n<h2>Figures<\/h2>\n<p>&nbsp;<\/p>\n<table>\n<tbody>\n<tr>\n<td>\n<p><figure id=\"attachment_479\" aria-describedby=\"caption-attachment-479\" style=\"width: 341px\" class=\"wp-caption alignnone\"><img loading=\"lazy\" class=\"wp-image-479\" src=\"http:\/\/www.thehollyfest.org\/wp-content\/uploads\/2018\/02\/Simpson-for-Holly_fig.-2-204x300.jpeg\" alt=\"\" width=\"341\" height=\"500\" srcset=\"http:\/\/www.thehollyfest.org\/wp-content\/uploads\/2018\/02\/Simpson-for-Holly_fig.-2-204x300.jpeg 204w, http:\/\/www.thehollyfest.org\/wp-content\/uploads\/2018\/02\/Simpson-for-Holly_fig.-2-768x1128.jpeg 768w, http:\/\/www.thehollyfest.org\/wp-content\/uploads\/2018\/02\/Simpson-for-Holly_fig.-2-697x1024.jpeg 697w, http:\/\/www.thehollyfest.org\/wp-content\/uploads\/2018\/02\/Simpson-for-Holly_fig.-2.jpeg 1362w\" sizes=\"(max-width: 341px) 100vw, 341px\" \/><figcaption id=\"caption-attachment-479\" class=\"wp-caption-text\">2. \u201cBilqis Enthroned.\u201d Firdausi, <em>Shahnama<\/em>, 1589-90. Princeton University Library, Princeton Islamic Manuscripts, Third series, no. 310, fol. 2a.<\/figcaption><\/figure><\/td>\n<td>\n<p><figure id=\"attachment_477\" aria-describedby=\"caption-attachment-477\" style=\"width: 335px\" class=\"wp-caption alignnone\"><img loading=\"lazy\" class=\"wp-image-477\" src=\"http:\/\/www.thehollyfest.org\/wp-content\/uploads\/2018\/02\/Shreve-for-Holly_fig.-1-201x300.jpeg\" alt=\"\" width=\"335\" height=\"500\" srcset=\"http:\/\/www.thehollyfest.org\/wp-content\/uploads\/2018\/02\/Shreve-for-Holly_fig.-1-201x300.jpeg 201w, http:\/\/www.thehollyfest.org\/wp-content\/uploads\/2018\/02\/Shreve-for-Holly_fig.-1-768x1147.jpeg 768w, http:\/\/www.thehollyfest.org\/wp-content\/uploads\/2018\/02\/Shreve-for-Holly_fig.-1-686x1024.jpeg 686w, http:\/\/www.thehollyfest.org\/wp-content\/uploads\/2018\/02\/Shreve-for-Holly_fig.-1.jpeg 1339w\" sizes=\"(max-width: 335px) 100vw, 335px\" \/><figcaption id=\"caption-attachment-477\" class=\"wp-caption-text\">1. \u201cSolomon Enthroned.\u201d Firdausi, <em>Shahnama<\/em>, 1589-90. Princeton University Library, Princeton Islamic Manuscripts, Third series, no. 310, fol. 1b.<\/figcaption><\/figure><\/td>\n<\/tr>\n<\/tbody>\n<\/table>\n<figure id=\"attachment_478\" aria-describedby=\"caption-attachment-478\" style=\"width: 525px\" class=\"wp-caption aligncenter\"><img loading=\"lazy\" class=\"wp-image-478 size-large\" src=\"http:\/\/www.thehollyfest.org\/wp-content\/uploads\/2018\/02\/Shreve-for-Holly-fig.-3-1024x768.jpg\" alt=\"\" width=\"525\" height=\"394\" srcset=\"http:\/\/www.thehollyfest.org\/wp-content\/uploads\/2018\/02\/Shreve-for-Holly-fig.-3-1024x768.jpg 1024w, http:\/\/www.thehollyfest.org\/wp-content\/uploads\/2018\/02\/Shreve-for-Holly-fig.-3-300x225.jpg 300w, http:\/\/www.thehollyfest.org\/wp-content\/uploads\/2018\/02\/Shreve-for-Holly-fig.-3-768x576.jpg 768w\" sizes=\"(max-width: 525px) 100vw, 525px\" \/><figcaption id=\"caption-attachment-478\" class=\"wp-caption-text\">3. \u201cSolomon Enthroned.\u201d Firdausi, <em>Shahnama<\/em>, 1589-90. Princeton University Library, Princeton Islamic Manuscripts, Third series, no. 310, fol. 1b, detail.<\/figcaption><\/figure>\n<h2>Footnotes<\/h2>\n<p><a href=\"#_ftnref1\" name=\"_ftn1\">[1]<\/a> Marianna Shreve Simpson, <em>Princeton\u2019s Great Persian Book of Kings: The Peck <\/em>Shahnama (Princeton, NJ: Princeton University Art Museum, 2015).<\/p>\n<p><a href=\"#_ftnref2\" name=\"_ftn2\">[2]<\/a> Simpson, 66-69. For important discussions of such frontispieces, see Serpil Ba\u011fc\u0131, \u201cA New Theme of the Shirazi Frontispiece Miniatures: The <em>D\u012bv\u0101n <\/em>of Solomon,\u201d <em>Muqarnas <\/em>12 (1995): 101-11; Lale Ulu\u00e7, <em>Turkman Governors, Shiraz Artisans, and Ottoman Collectors: Sixteenth century Shiraz manuscripts <\/em>(Istanbul: \u0130\u015f Bankas\u0131 K\u00fclt\u00fcr Yay\u0131lar\u0131, 2006), 291-301. For additional examples, see: Mary McWilliams, ed., <em>In Harmony: The Norma Jean Calderwood Collection of Islamic Art <\/em>(Cambridge: Harvard University Art Museums, 2013), cat. no. 94, and the <em>Shahnama <\/em>Project, Scene 1c: <a href=\"http:\/\/shahnama.caret.cam.ac.uk\/new\/jnama)\">http:\/\/Shahnama.caret.cam.ac.uk\/new\/jnama<\/a>.<\/p>\n<p><a href=\"#_ftnref3\" name=\"_ftn3\">[3]<\/a> Previously this was tentatively identified as a panther, although the white markings would be unusual. Nor would the stripes correspond to the known markings of a leopard or jaguar. Of course, the frontispiece painter may not have been striving for zoological accuracy. Simpson, 67.<\/p>\n<p><a href=\"#_ftnref4\" name=\"_ftn4\">[4]<\/a> Ba\u011fc\u0131, figs. 1 and 2; Ulu\u00e7, figs. 227 and 228.<\/p>\n<p><a href=\"#_ftnref5\" name=\"_ftn5\">[5]<\/a> This animal might be read either as supporting the throne or as providing the footstool at the base of the throne\u2019s steps. In two instances (Ba\u011fc\u0131, fig. 2a and Ulu\u00e7, fig. 228) the feline is winged and perhaps should be identified as the mythical <em>qilin<\/em>.<\/p>\n<p><a href=\"#_ftnref6\" name=\"_ftn6\">[6]<\/a> Ba\u011fc\u0131, figs. 3-4; Ulu\u00e7, figs. 229 and 240.<\/p>\n<p><a href=\"#_ftnref7\" name=\"_ftn7\">[7]<\/a> Ba\u011fc\u0131, figs. 3-4; Ulu\u00e7, figs. 136-37, and other examples in the <em>Shahnama <\/em>Project.<\/p>\n<p><a href=\"#_ftnref8\" name=\"_ftn8\">[8]<\/a> British Library Add 27257 fol. 1b; British Library IO Islamic 3540, fol. 1b. Both reproduced in the <em>Sh\u0101hn\u0101ma <\/em>Project.<\/p>\n","protected":false},"excerpt":{"rendered":"<p>A Covert Creature in Princeton&#8217;s &#8220;Great Persian Book of Kings&#8221; The compositions in sixteenth-century Persian manuscripts are often so varied and complex that it is easy to miss, misread or misunderstand specific details. Such is the case with the so-called Peck Sh\u0101hn\u0101ma, an illustrated volume of Firdausi\u2019s Book of Kings from Shiraz dated 998\/1589-90 belonging &hellip; <\/p>\n<p class=\"link-more\"><a href=\"http:\/\/www.thehollyfest.org\/index.php\/482-2\/\" class=\"more-link\">Continue reading<span class=\"screen-reader-text\"> &#8220;Marianna Shreve Simpson&#8221;<\/span><\/a><\/p>\n","protected":false},"author":2,"featured_media":0,"parent":0,"menu_order":0,"comment_status":"closed","ping_status":"closed","template":"","meta":[],"_links":{"self":[{"href":"http:\/\/www.thehollyfest.org\/index.php\/wp-json\/wp\/v2\/pages\/482"}],"collection":[{"href":"http:\/\/www.thehollyfest.org\/index.php\/wp-json\/wp\/v2\/pages"}],"about":[{"href":"http:\/\/www.thehollyfest.org\/index.php\/wp-json\/wp\/v2\/types\/page"}],"author":[{"embeddable":true,"href":"http:\/\/www.thehollyfest.org\/index.php\/wp-json\/wp\/v2\/users\/2"}],"replies":[{"embeddable":true,"href":"http:\/\/www.thehollyfest.org\/index.php\/wp-json\/wp\/v2\/comments?post=482"}],"version-history":[{"count":5,"href":"http:\/\/www.thehollyfest.org\/index.php\/wp-json\/wp\/v2\/pages\/482\/revisions"}],"predecessor-version":[{"id":497,"href":"http:\/\/www.thehollyfest.org\/index.php\/wp-json\/wp\/v2\/pages\/482\/revisions\/497"}],"wp:attachment":[{"href":"http:\/\/www.thehollyfest.org\/index.php\/wp-json\/wp\/v2\/media?parent=482"}],"curies":[{"name":"wp","href":"https:\/\/api.w.org\/{rel}","templated":true}]}}